[INFO] cloning repository https://github.com/the10thWiz/fmt
[INFO] running `Command { std: "git" "-c" "credential.helper=" "-c" "credential.helper=/workspace/cargo-home/bin/git-credential-null" "clone" "--bare" "https://github.com/the10thWiz/fmt" "/workspace/cache/git-repos/https%3A%2F%2Fgithub.com%2Fthe10thWiz%2Ffmt", kill_on_drop: false }`
[INFO] [stderr] Cloning into bare repository '/workspace/cache/git-repos/https%3A%2F%2Fgithub.com%2Fthe10thWiz%2Ffmt'...
[INFO] running `Command { std: "git" "rev-parse" "HEAD", kill_on_drop: false }`
[INFO] [stdout] 1254c57e08a32d3d7444ffa5001b0144c7eaf1b9
[INFO] checking the10thWiz/fmt against master#af3c6e733a40e671550e0f0f5aeecaa13772ba56 for pr-74989
[INFO] running `Command { std: "git" "clone" "/workspace/cache/git-repos/https%3A%2F%2Fgithub.com%2Fthe10thWiz%2Ffmt" "/workspace/builds/worker-2/source", kill_on_drop: false }`
[INFO] [stderr] Cloning into '/workspace/builds/worker-2/source'...
[INFO] [stderr] done.
[INFO] validating manifest of git repo https://github.com/the10thWiz/fmt on toolchain af3c6e733a40e671550e0f0f5aeecaa13772ba56
[INFO] running `Command { std: "/workspace/cargo-home/bin/cargo" "+af3c6e733a40e671550e0f0f5aeecaa13772ba56" "read-manifest" "--manifest-path" "Cargo.toml", kill_on_drop: false }`
[INFO] started tweaking git repo https://github.com/the10thWiz/fmt
[INFO] finished tweaking git repo https://github.com/the10thWiz/fmt
[INFO] tweaked toml for git repo https://github.com/the10thWiz/fmt written to /workspace/builds/worker-2/source/Cargo.toml
[INFO] crate git repo https://github.com/the10thWiz/fmt already has a lockfile, it will not be regenerated
[INFO] running `Command { std: "/workspace/cargo-home/bin/cargo" "+af3c6e733a40e671550e0f0f5aeecaa13772ba56" "fetch" "--locked" "--manifest-path" "Cargo.toml", kill_on_drop: false }`
[INFO] [stderr]     Blocking waiting for file lock on package cache
[INFO] running `Command { std: "docker" "create" "-v" "/var/lib/crater-agent-workspace/builds/worker-2/target:/opt/rustwide/target:rw,Z" "-v" "/var/lib/crater-agent-workspace/builds/worker-2/source:/opt/rustwide/workdir:ro,Z" "-v" "/var/lib/crater-agent-workspace/cargo-home:/opt/rustwide/cargo-home:ro,Z" "-v" "/var/lib/crater-agent-workspace/rustup-home:/opt/rustwide/rustup-home:ro,Z" "-e" "SOURCE_DIR=/opt/rustwide/workdir" "-e" "CARGO_TARGET_DIR=/opt/rustwide/target" "-e" "CARGO_HOME=/opt/rustwide/cargo-home" "-e" "RUSTUP_HOME=/opt/rustwide/rustup-home" "-w" "/opt/rustwide/workdir" "-m" "1610612736" "--user" "0:0" "--network" "none" "rustops/crates-build-env@sha256:d92eaeed33fa75130ca1ee6c8a01d1ffb62bac859dfdfb3450e3e5d1c0146529" "/opt/rustwide/cargo-home/bin/cargo" "+af3c6e733a40e671550e0f0f5aeecaa13772ba56" "metadata" "--no-deps" "--format-version=1", kill_on_drop: false }`
[INFO] [stdout] 2443a1c20588abdbf44d5b010ba2d5b82213d653203b35eb5a5d548217170bb2
[INFO] [stderr] WARNING: Your kernel does not support swap limit capabilities or the cgroup is not mounted. Memory limited without swap.
[INFO] running `Command { std: "docker" "start" "-a" "2443a1c20588abdbf44d5b010ba2d5b82213d653203b35eb5a5d548217170bb2", kill_on_drop: false }`
[INFO] running `Command { std: "docker" "inspect" "2443a1c20588abdbf44d5b010ba2d5b82213d653203b35eb5a5d548217170bb2", kill_on_drop: false }`
[INFO] running `Command { std: "docker" "rm" "-f" "2443a1c20588abdbf44d5b010ba2d5b82213d653203b35eb5a5d548217170bb2", kill_on_drop: false }`
[INFO] [stdout] 2443a1c20588abdbf44d5b010ba2d5b82213d653203b35eb5a5d548217170bb2
[INFO] running `Command { std: "docker" "create" "-v" "/var/lib/crater-agent-workspace/builds/worker-2/target:/opt/rustwide/target:rw,Z" "-v" "/var/lib/crater-agent-workspace/builds/worker-2/source:/opt/rustwide/workdir:ro,Z" "-v" "/var/lib/crater-agent-workspace/cargo-home:/opt/rustwide/cargo-home:ro,Z" "-v" "/var/lib/crater-agent-workspace/rustup-home:/opt/rustwide/rustup-home:ro,Z" "-e" "SOURCE_DIR=/opt/rustwide/workdir" "-e" "CARGO_TARGET_DIR=/opt/rustwide/target" "-e" "CARGO_INCREMENTAL=0" "-e" "RUST_BACKTRACE=full" "-e" "RUSTFLAGS=--cap-lints=forbid" "-e" "CARGO_HOME=/opt/rustwide/cargo-home" "-e" "RUSTUP_HOME=/opt/rustwide/rustup-home" "-w" "/opt/rustwide/workdir" "-m" "1610612736" "--user" "0:0" "--network" "none" "rustops/crates-build-env@sha256:d92eaeed33fa75130ca1ee6c8a01d1ffb62bac859dfdfb3450e3e5d1c0146529" "/opt/rustwide/cargo-home/bin/cargo" "+af3c6e733a40e671550e0f0f5aeecaa13772ba56" "check" "--frozen" "--all" "--all-targets" "--message-format=json", kill_on_drop: false }`
[INFO] [stdout] 4d919ab63bcd85bb68b0e2474f1a6438f1f091a83c2bcfa684f76f6257139bae
[INFO] [stderr] WARNING: Your kernel does not support swap limit capabilities or the cgroup is not mounted. Memory limited without swap.
[INFO] running `Command { std: "docker" "start" "-a" "4d919ab63bcd85bb68b0e2474f1a6438f1f091a83c2bcfa684f76f6257139bae", kill_on_drop: false }`
[INFO] [stderr]    Compiling libc v0.2.62
[INFO] [stderr]     Checking termion v1.5.3
[INFO] [stderr]     Checking diff_fmt v0.1.0 (/opt/rustwide/workdir)
[INFO] [stdout] error[E0433]: failed to resolve: could not find `Position` in `v1`
[INFO] [stdout]   --> src/lib.rs:40:40
[INFO] [stdout]    |
[INFO] [stdout] 40 |         position: ::core::fmt::rt::v1::Position::At(0usize),
[INFO] [stdout]    |                                        ^^^^^^^^ could not find `Position` in `v1`
[INFO] [stdout] 
[INFO] [stdout] 
[INFO] [stdout] error: aborting due to previous error
[INFO] [stdout] 
[INFO] [stdout] 
[INFO] [stdout] For more information about this error, try `rustc --explain E0433`.
[INFO] [stdout] 
[INFO] [stderr] error: could not compile `diff_fmt`.
[INFO] [stderr] 
[INFO] [stderr] To learn more, run the command again with --verbose.
[INFO] [stderr] warning: build failed, waiting for other jobs to finish...
[INFO] [stdout] error[E0433]: failed to resolve: could not find `Position` in `v1`
[INFO] [stdout]   --> src/lib.rs:40:40
[INFO] [stdout]    |
[INFO] [stdout] 40 |         position: ::core::fmt::rt::v1::Position::At(0usize),
[INFO] [stdout]    |                                        ^^^^^^^^ could not find `Position` in `v1`
[INFO] [stdout] 
[INFO] [stdout] 
[INFO] [stdout] error[E0433]: failed to resolve: could not find `Position` in `v1`
[INFO] [stdout]    --> src/lib.rs:491:48
[INFO] [stdout]     |
[INFO] [stdout] 491 |                 position: ::core::fmt::rt::v1::Position::At(0usize),
[INFO] [stdout]     |                                                ^^^^^^^^ could not find `Position` in `v1`
[INFO] [stdout] 
[INFO] [stdout] 
[INFO] [stdout] error[E0433]: failed to resolve: could not find `Position` in `v1`
[INFO] [stdout]    --> src/lib.rs:508:48
[INFO] [stdout]     |
[INFO] [stdout] 508 |                 position: ::core::fmt::rt::v1::Position::At(0usize),
[INFO] [stdout]     |                                                ^^^^^^^^ could not find `Position` in `v1`
[INFO] [stdout] 
[INFO] [stdout] 
[INFO] [stdout] error: aborting due to 3 previous errors
[INFO] [stdout] 
[INFO] [stdout] 
[INFO] [stdout] For more information about this error, try `rustc --explain E0433`.
[INFO] [stdout] 
[INFO] [stderr] error: build failed
[INFO] running `Command { std: "docker" "inspect" "4d919ab63bcd85bb68b0e2474f1a6438f1f091a83c2bcfa684f76f6257139bae", kill_on_drop: false }`
[INFO] running `Command { std: "docker" "rm" "-f" "4d919ab63bcd85bb68b0e2474f1a6438f1f091a83c2bcfa684f76f6257139bae", kill_on_drop: false }`
[INFO] [stdout] 4d919ab63bcd85bb68b0e2474f1a6438f1f091a83c2bcfa684f76f6257139bae
